2 - -81?
83
In base 13, what is -1 - 929?
-92a
In base 3, what is 1 - 10022?
-10021
In base 7, what is 1 + 535?
536
In base 14, what is 0 + -35?
-35
In base 7, what is -11314 + 4?
-11310
In base 10, what is -12 - -48?
36
In base 14, what is 96 - -5?
9b
In base 2, what is -1001100 + 101?
-1000111
In base 2, what is 100110 + -100010101?
-11101111
In base 11, what is 9a - -2?
a1
In base 7, what is 50 + 3?
53
In base 5, what is 3 + 2044?
2102
In base 8, what is 5 + 55?
62
In base 2, what is -1011001 + 1?
-1011000
In base 12, what is -10 + -2?
-12
In base 5, what is -222 + -4?
-231
In base 15, what is -320 + -6?
-326
In base 9, what is -3 + -8?
-12
In base 9, what is 0 - 3?
-3
In base 8, what is 7 + -75?
-66
In base 11, what is 313 - -1?
314
In base 11, what is -18 - -5?
-13
In base 6, what is 150 - 1?
145
In base 15, what is -4 - b?
-10
In base 16, what is 5 - 1e1?
-1dc
In base 15, what is -258 - 8?
-261
In base 4, what is -111 + -31?
-202
In base 4, what is -22 + -221?
-303
In base 6, what is 3 - 1554?
-1551
In base 15, what is -2a7 - -3?
-2a4
In base 6, what is -53035 + 0?
-53035
In base 3, what is 1200 + 10201?
12101
In base 4, what is 20 + -322?
-302
In base 5, what is -44 + 3?
-41
In base 8, what is -37 + 11?
-26
In base 2, what is 11110010 - 11?
11101111
In base 5, what is -2 - -213?
211
In base 12, what is -1a - -8?
-12
In base 13, what is -4 + 7c?
78
In base 12, what is -55 - 16?
-6b
In base 9, what is -4 + -26?
-31
In base 8, what is 1753 + 11?
1764
In base 12, what is 269 + -35?
234
In base 10, what is -60 + 10?
-50
In base 15, what is -35 - 6?
-3b
In base 15, what is -2833 + 3?
-2830
In base 10, what is 0 + 10?
10
In base 16, what is 5e - -46?
a4
In base 8, what is -5 + -43?
-50
In base 16, what is 3 + -5?
-2
In base 9, what is 262 - 0?
262
In base 5, what is 1 - -341?
342
In base 16, what is -13c + 0?
-13c
In base 7, what is -14531 + -3?
-14534
In base 13, what is -a2 + -6?
-a8
In base 7, what is -5 + 2?
-3
In base 15, what is -178 - 5?
-17d
In base 5, what is 103 - 220?
-112
In base 9, what is 530 - -13?
543
In base 16, what is f7 + 3?
fa
In base 8, what is -2 + -4303?
-4305
In base 10, what is 23975 - -2?
23977
In base 5, what is -41234 - -10?
-41224
In base 13, what is -13b - -2?
-139
In base 15, what is 7 + -3b?
-34
In base 9, what is 852 - -2?
854
In base 5, what is 3 - -13322?
13330
In base 13, what is -46 + -92?
-108
In base 10, what is 165 - -41?
206
In base 8, what is -57 - 35?
-114
In base 4, what is 2 + 1031?
1033
In base 14, what is -1 - 1aa?
-1ab
In base 13, what is 2 - 6?
-4
In base 15, what is -10 + 1e?
e
In base 10, what is 466 + 3?
469
In base 9, what is 5 + 157?
163
In base 9, what is -348 + 1?
-347
In base 15, what is 2206 - -3?
2209
In base 3, what is 1 - 1100112?
-1100111
In base 3, what is 200 + -2?
121
In base 8, what is -256 - -47?
-207
In base 10, what is -2809 + -4?
-2813
In base 7, what is -16 + 355?
336
In base 15, what is 1 - 4b?
-4a
In base 3, what is 110 + 10?
120
In base 16, what is -4 + 6c8?
6c4
In base 6, what is -3 + 12302?
12255
In base 10, what is 8 - 113?
-105
In base 9, what is 0 - -336?
336
In base 9, what is 5 - 187?
-182
In base 12, what is 208 - -22?
22a
In base 4, what is -1 - 31?
-32
In base 5, what is 10 - -121?
131
In base 15, what is 5 - -46?
4b
In base 6, what is -232 - 15?
-251
In base 5, what is 10 + -203001?
-202441
In base 16, what is 469 - -5?
46e
In base 12, what is 64 + 3?
67
In base 10, what is 132 + 6?
138
In base 10, what is 204 - -1?
205
In base 6, what is -4 - -253?
245
In base 2, what is -1 - 100001?
-100010
In base 5, what is 11 - 2?
4
In base 3, what is -220100 + -21?
-220121
In base 7, what is 3 + 142?
145
In base 16, what is -1 - 4e?
-4f
In base 16, what is -5 - -6f?
6a
In base 2, what is 10100110 + -11?
10100011
In base 5, what is -422 - 10?
-432
In base 9, what is -2 + -163?
-165
In base 3, what is -11 + 12000?
11212
In base 2, what is 0 - -10010000?
10010000
In base 13, what is 65 - -9?
71
In base 12, what is 19b1 - -2?
19b3
In base 12, what is 1 - 297?
-296
In base 6, what is -222 + -321?
-543
In base 5, what is 410 - 110?
300
In base 6, what is 10235 + 2?
10241
In base 6, what is 215 - -5?
224
In base 2, what is 10011 - -111?
11010
In base 7, what is -4 - 1304?
-1311
In base 14, what is 1 + -313c?
-313b
In base 6, what is -5 + 1013?
1004
In base 12, what is -5 - -220?
217
In base 16, what is -ef + 6?
-e9
In base 9, what is -4 + -172?
-176
In base 15, what is 4 + 16?
1a
In base 5, what is 0 - 100?
-100
In base 7, what is -40 - 42?
-112
In base 10, what is -1692 + -4?
-1696
In base 15, what is 2 + -9b?
-99
In base 7, what is 16 + -13?
3
In base 2, what is -1011 + -11?
-1110
In base 7, what is -2 - 10?
-12
In base 3, what is -2120201 + -11?
-2120212
In base 13, what is -4 + cb1?
caa
In base 12, what is -2174 + -2?
-2176
In base 8, what is -200 + 1?
-177
In base 14, what is 11bd - 5?
11b8
In base 16, what is -5 - -70?
6b
In base 12, what is -1 + -10?
-11
In base 12, what is -24b - 1?
-250
In base 6, what is -1 + -11?
-12
In base 4, what is 101100 - -10?
101110
In base 2, what is 101 + -10001001111010?
-10001001110101
In base 16, what is -fb - 2?
-fd
In base 4, what is 1012 - 1?
1011
In base 3, what is -20 + -100?
-120
In base 9, what is 6365 - -3?
6368
In base 16, what is 2 - -2a?
2c
In base 15, what is -18 - 9?
-22
In base 8, what is -156 - 35?
-213
In base 3, what is 2010210 + -2?
2010201
In base 2, what is 1000 + -101?
11
In base 9, what is -336 + 25?
-311
In base 3, what is 1122 - 1101?
21
In base 14, what is -a1 + 4?
-9b
In base 3, what is 0 - 222000?
-222000
In base 11, what is -5 - a99?
-aa3
In base 16, what is -16c8 - 5?
-16cd
In base 5, what is -10 + -140142?
-140202
In base 11, what is -78 + -27?
-a4
In base 3, what is 11 - -2202201?
2202212
In base 5, what is 1000304 - -10?
1000314
In base 2, what is 10101 + 11?
11000
In base 5, what is -141 - -1?
-140
In base 2, what is -1111 + -11?
-10010
In base 4, what is -3 + -221232?
-221301
In base 4, what is 230 - 0?
230
In base 13, what is -2 + -3?
-5
In base 11, what is -226 + 1?
-225
In base 14, what is -4 + b?
7
In base 2, what is 1000011 - 100?
111111
In base 11, what is 356a + -2?
3568
In base 2, what is -111111001001 - 0?
-111111001001
In base 3, what is -1111 + 11?
-1100
In base 12, what is -5 - 42?
-47
In base 10, what is -700 - 0?
-700
In base 3, what is -10102 - 1020?
-11122
In base 5, what is -234 - 4?
-243
In base 11, what is 64 - -15?
79
In base 10, what is -1 + -66?
-67
In base 10, what is -3 - 212?
-215
In base 7, what is -12 + 53?
41
In base 12, what is -1 + 21?
20
In base 9, what is 3 + -135?
-132
In base 6, what is -1 + 13?
12
In base 5, what is 2201 - -2?
2203
In base 6, what is 1335 - -2?
1341
In base 8, what is -32 - -237?
205
In base 14, what is 4322 + 3?
4325
In base 11, what is aa - -2?
101
In base 3, what is -210 - -2?
-201
In base 4, what is -10 - -10130?
10120
In base 9, what is 3 + -218?
-215
In base 10, what is 135 + 31?
166
In base 3, what is -200 - -100222?
100022
In base 9, what is 12 - -3626?
3638
In base 10, what is -44 - -39?
-5
In base 5, what is 101 - 23?
23
In base 5, what is -1 + -40310?
-40311
In base 5, what is 100 - -1012?
1112
In base 11, what is -1 + -164?
-165
In base 3, what is -2 + 1000020?
1000011
In base 3, what is -100100 + -11?
-100111
In base 3, what is 102 - -2201?
10010
In base 2, what is -10000011 - 110100?
-10110111
In base 2, what is -110101 - 11?
-111000
In base 5, what is 3 - -20444?
21002
In base 5, what is 112 - 442?
-330
In base 16, what is 89 + 8?
91
In base 3, what is 12 + 102002?
102021
In base 4, what is 1230 - -23?
1313
In base 2, what is 111110 - -100?
1000010
In base 5, what is -1111 + 110?
-1001
In base 4, what is -23 + -20?
-103
In base 13, what is -1 + -38?
-39
In base 2, what is -10011 + 1001?
-1010
In base 16, what is -19 + 1?
-18
In base 8, what is 6 - -213?
221
In base 5, what is -10 - 104?
-114
In base 3, what is 10011 - -11?
10022
In base 11, what is -185 - 11?
-196
In base 6, what is -2 - -3?
1
In base 15, what is 2e + 3?
32
In base 11, what is 3 - 146?
-143
In base 12, what is a9 - 0?
a9
In base 10, what is 5 + -100?
-95
In base 6, what is 510 - 1?
505
In base 11, what is 1154 + -5?
114a
In base 6, what is 352 - -2?
354
In base 11, w